7169769 prime?
False
Is 76759774283 a composite number?
False
Is 32822921749 composite?
False
Is 285070255 a prime number?
False
Is 870023309 composite?
False
Is 79327367347 a composite number?
False
Is 2619212929 a composite number?
True
Is 218003 composite?
False
Is 13094620859 composite?
True
Is 5496660853 a prime number?
True
Is 76104283 prime?
False
Is 312220231 composite?
False
Is 254487137 prime?
True
Is 92421849227 a prime number?
False
Is 6513492917 a prime number?
True
Is 1123286341 a composite number?
False
Is 1657784629 a prime number?
False
Is 65553367 a composite number?
True
Is 957113149 a prime number?
False
Is 294186077 prime?
False
Is 2175888703 a prime number?
True
Is 465080087 composite?
True
Is 18060214309 composite?
True
Is 638346187 composite?
True
Is 2058896087 composite?
False
Is 1574153447 composite?
True
Is 703171837 composite?
False
Is 3039051989 composite?
False
Is 20417783839 a prime number?
True
Is 1208911213 composite?
True
Is 2023350827 a composite number?
False
Is 589301749 a prime number?
True
Is 13733897923 composite?
True
Is 2962886573 prime?
False
Is 142014097 prime?
True
Is 27961167513 a composite number?
True
Is 65191531 a composite number?
False
Is 264814691 composite?
False
Is 33458256263 composite?
True
Is 67808651413 a prime number?
True
Is 3104218681 composite?
False
Is 897011021 a composite number?
False
Is 36796965571 composite?
True
Is 336583517 a composite number?
False
Is 70719995243 prime?
False
Is 5808367703 a composite number?
False
Is 163635218477 composite?
True
Is 884014687 a prime number?
True
Is 108240722047 a prime number?
True
Is 459513037 a prime number?
True
Is 25735626793 prime?
True
Is 77176039397 a prime number?
False
Is 928262729 a prime number?
False
Is 81809323 composite?
True
Is 30456661 prime?
False
Is 19420214989 a composite number?
True
Is 6711839143 a composite number?
False
Is 11088874821 a prime number?
False
Is 14171922991 a prime number?
True
Is 276033997 a prime number?
False
Is 10966920353 prime?
False
Is 1189840609 a composite number?
False
Is 33965539357 prime?
True
Is 1310552587 composite?
False
Is 8642984839 a composite number?
False
Is 55212791779 a prime number?
True
Is 122315437 a prime number?
False
Is 760261867 a composite number?
True
Is 387608567 composite?
True
Is 77939261 prime?
False
Is 793956883 a prime number?
False
Is 4696046651 composite?
False
Is 6789864811 composite?
False
Is 38576401 composite?
False
Is 4875914761 composite?
False
Is 2852384681 a prime number?
True
Is 137049167429 a prime number?
True
Is 409980463 a prime number?
False
Is 4824442657 a prime number?
False
Is 3343564849 composite?
False
Is 3149457731 composite?
True
Is 43934811317 a composite number?
False
Is 208898709509 composite?
True
Is 758724641 a composite number?
False
Is 46123759987 prime?
False
Is 518575177 prime?
True
Is 119231464211 composite?
False
Is 277080346559 prime?
False
Is 12035573027 prime?
True
Is 101228261621 prime?
False
Is 210753119 composite?
True
Is 1953461759 prime?
True
Is 3045867943 a composite number?
True
Is 72857897309 a composite number?
False
Is 50140196833 composite?
True
Is 159356573 a composite number?
True
Is 542256137 a composite number?
False
Is 18940813889 composite?
False
Is 10560954779 prime?
True
Is 839084567 a prime number?
False
Is 383714981 a composite number?
True
Is 7765312949 a prime number?
True
Is 44422848383 composite?
False
Is 106024502 prime?
False
Is 11240588663 prime?
True
Is 5706772991 a composite number?
True
Is 153411207 a prime number?
False
Is 259431143 a composite number?
True
Is 808592801 a composite number?
True
Is 913272251 a prime number?
True
Is 70455278779 a composite number?
False
Is 4505349463 prime?
True
Is 3247083557 a composite number?
False
Is 652191823 a prime number?
True
Is 1696953623 a prime number?
True
Is 1979666149 prime?
True
Is 1907427833 composite?
False
Is 19984409719 composite?
False
Is 182624621 a prime number?
True
Is 34106700527 composite?
False
Is 24722921677 a prime number?
False
Is 52746959 a prime number?
False
Is 2577273883 a prime number?
True
Is 2577537647 a prime number?
True
Is 137421407131 a composite number?
False
Is 1187803691 a prime number?
False
Is 135883591 composite?
False
Is 32934671173 prime?
True
Is 768808543 prime?
True
Is 565227317 a composite number?
False
Is 2108646259 prime?
True
Is 387228202 a composite number?
True
Is 34046659189 a composite number?
True
Is 1813369007 a prime number?
True
Is 522103067 a prime number?
True
Is 200311193 prime?
False
Is 8418700457 prime?
True
Is 10764696611 prime?
False
Is 4816612639 composite?
True
Is 5947316773 a composite number?
False
Is 177605733817 prime?
True
Is 2417893831 a composite number?
True
Is 1199296201 prime?
True
Is 80524247847 composite?
True
Is 142850287 composite?
False
Is 26716882609 a composite number?
True
Is 53151664249 a composite number?
False
Is 848931826 a composite number?
True
Is 619837055 a prime number?
False
Is 605754937 composite?
False
Is 26173609307 a composite number?
False
Is 20214877979 prime?
True
Is 105669810871 composite?
False
Is 2352815251 composite?
True
Is 50440404409 composite?
False
Is 736412093 a composite number?
False
Is 26660563 prime?
False
Is 411563147 prime?
False
Is 24914925823 a prime number?
True
Is 1300944031 prime?
False
Is 821205958 a composite number?
True
Is 22977778957 a composite number?
True
Is 660110819 prime?
True
Is 8870257573 prime?
True
Is 206288471 composite?
True
Is 4072097663 a composite number?
False
Is 11598995753 a prime number?
True
Is 2750449531 composite?
True
Is 5164166846 a composite number?
True
Is 809568223 a composite number?
True
Is 5111505121 prime?
True
Is 46353665 a composite number?
True
Is 7675061239 composite?
False
Is 11089541 prime?
False
Is 248183371 composite?
True
Is 4986063661 a composite number?
False
Is 5051701507 a composite number?
False
Is 560339371 a composite number?
False
Is 2765058217 a prime number?
False
Is 2755388059 composite?
False
Is 215972819 a prime number?
False
Is 613946257 composite?
False
Is 281410091 a prime number?
False
Is 29505507431 a composite number?
False
Is 62637647749 prime?
True
Is 76701355513 prime?
False
Is 87468326327 composite?
False
Is 43429177993 prime?
False
Is 133284307501 prime?
True
Is 25863470359 a prime number?
False
Is 101873203 prime?
True
Is 12132413827 composite?
False
Is 24456609841 prime?
False
Is 10253665109 a prime number?
True
Is 418605947 composite?
False
Is 32863003729 composite?
True
Is 2768079623 a prime number?
True
Is 3388156169 a prime number?
True
Is 205937971 composite?
False
Is 3266201369 a prime number?
True
Is 1494013427 composite?
False
Is 9427204751 a prime number?
True
Is 62647121 a composite number?
True
Is 4052560583 composite?
False
Is 1110438421 prime?
False
Is 450158503 a composite number?
True
Is 548649547 a composite number?
False
Is 862516331 a composite number?
True
Is 241781983 prime?
False
Is 106812487 prime?
False
Is 2467097693 a composite number?
True
Is 15950771231 a prime number?
True
Is 18459846001 prime?
False
Is 12467679223 a composite number?
True
Is 36485569 a composite number?
False
Is 312038833 a composite number?
True
Is 3533265823 a prime number?
False
Is 39265477467 composite?
True
Is 16653909749 a composite number?
False
Is 3142529941 prime?
True
Is 1237016089 prime?
True
Is 879913037 composite?
False
Is 478314913 a composite number?
True
Is 4611158597 composite?
True
Is 8431705493 prime?
False
Is 38997207539 a composite number?
False
Is 22399470059 a prime number?
True
Is 34753541827 a prime number?
False
Is 17773803737 prime?
False
Is 3535651253 a composite number?
True
Is 174230382029 a composite number?
True
Is 1354938547 composite?
False
Is 455064737 a prime number?
False
Is 3835526579 composite?
False
Is 160171547281 a composite number?
False
Is 2744672251 prime?
False
Is 876005309 composite?
False
Is 156388616281 composite?
False
Is 16716459161 a composite number?
True
Is 2792189039 a prime number?
True
Is 7806955511 composite?
False
Is 6956561723 prime?
True
Is 3284893757 a prime number?
False
Is 472956779 composite?
True
Is 99411671 a composite number?
True
Is 78926727541 prime?
True
Is 163365487 a prime number?
False
Is 64837313 pri